{"id":15529,"date":"2022-05-31T14:37:31","date_gmt":"2022-05-31T12:37:31","guid":{"rendered":"https:\/\/motovila.si\/?page_id=15529"},"modified":"2024-09-17T10:31:28","modified_gmt":"2024-09-17T08:31:28","slug":"air-alojz-kocjancic-residency-house","status":"publish","type":"page","link":"https:\/\/motovila.si\/en\/air-alojz-kocjancic-residency-house\/","title":{"rendered":"Alojz Kocjan\u010di\u010d Residency House"},"content":{"rendered":"<p><strong>Host: <\/strong>Residency program by Koper Public Institute for Youth, Culture and Tourism; the house is managed by the Local community Gra\u010di\u0161\u010de.<br \/>\n<strong>Disciplines: <\/strong>different artistic fields<br \/>\n<strong>Location:<\/strong>\u00a0Kubed<\/p>\n<p>The residency programme, which takes place in the house of Alojz Kocjan\u010di\u010d in Kubed (Municipality of Koper), is open to Slovenian artists. The selection of the artists-in-residence(s) is made on the basis of an annual call for applications. Each year the call is open to a different field of art, with the aim of ensuring equal opportunities for artists of all genres to work and participate. The residency offers living apartments with all the necessary equipment and a separate studio where artists can create. Artists are also provided with funds to cover the costs of materials. At the end of the year, a final event is held to present the artists in residence and their work.<\/p>\n<p>Further information <a href=\"https:\/\/www.zmkt.si\/odprt-je-razpis-za-oddajo-umetniske-rezidence-v-hisi-alojza-kocjancica-za-leto-2025\/\" target=\"_blank\" rel=\"noopener\">here<\/a> (in Slovene).<br \/>\n[Photo by Jaka Ivan\u010di\u010d: AiR Alojza Kocjan\u010di\u010da in Kubed.]<\/p>\n","protected":false},"excerpt":{"rendered":"<p>Host: Residency program by Koper Public Institute for Youth, Culture and Tourism; the house is managed by the Local community Gra\u010di\u0161\u010de. Disciplines: different artistic fields Location:\u00a0Kubed The residency programme, which takes place in the house of Alojz Kocjan\u010di\u010d in Kubed (Municipality of Koper), is open to Slovenian artists. The selection of the artists-in-residence(s) is made &#8230; <\/p>\n","protected":false},"author":2,"featured_media":13788,"parent":0,"menu_order":0,"comment_status":"closed","ping_status":"closed","template":"","meta":{"_acf_changed":false,"inline_featured_image":false,"footnotes":""},"class_list":["post-15529","page","type-page","status-publish","has-post-thumbnail","hentry"],"acf":[],"yoast_head":"<!-- This site is optimized with the Yoast SEO plugin v27.4 - https:\/\/yoast.com\/product\/yoast-seo-wordpress\/ -->\n<title>Alojz Kocjan\u010di\u010d Residency House - Motovila<\/title>\n<meta name=\"robots\" content=\"index, follow, max-snippet:-1, max-image-preview:large, max-video-preview:-1\" \/>\n<link rel=\"canonical\" href=\"https:\/\/motovila.si\/en\/air-alojz-kocjancic-residency-house\/\" \/>\n<meta property=\"og:locale\" content=\"en_US\" \/>\n<meta property=\"og:type\" content=\"article\" \/>\n<meta property=\"og:title\" content=\"Alojz Kocjan\u010di\u010d Residency House - Motovila\" \/>\n<meta property=\"og:description\" content=\"Host: Residency program by Koper Public Institute for Youth, Culture and Tourism; the house is managed by the Local community Gra\u010di\u0161\u010de. Disciplines: different artistic fields Location:\u00a0Kubed The residency programme, which takes place in the house of Alojz Kocjan\u010di\u010d in Kubed (Municipality of Koper), is open to Slovenian artists. The selection of the artists-in-residence(s) is made ...\" \/>\n<meta property=\"og:url\" content=\"https:\/\/motovila.si\/en\/air-alojz-kocjancic-residency-house\/\" \/>\n<meta property=\"og:site_name\" content=\"Motovila\" \/>\n<meta property=\"article:modified_time\" content=\"2024-09-17T08:31:28+00:00\" \/>\n<meta property=\"og:image\" content=\"https:\/\/motovila.si\/wp-content\/uploads\/2021\/11\/HIsa-Alojza-Kocjancica-Kubed-01_Foto-Jaka-Ivancic.jpg\" \/>\n\t<meta property=\"og:image:width\" content=\"1799\" \/>\n\t<meta property=\"og:image:height\" content=\"1200\" \/>\n\t<meta property=\"og:image:type\" content=\"image\/jpeg\" \/>\n<meta name=\"twitter:card\" content=\"summary_large_image\" \/>\n<meta name=\"twitter:label1\" content=\"Est. reading time\" \/>\n\t<meta name=\"twitter:data1\" content=\"2 minutes\" \/>\n<script type=\"application\/ld+json\" class=\"yoast-schema-graph\">{\"@context\":\"https:\\\/\\\/schema.org\",\"@graph\":[{\"@type\":\"WebPage\",\"@id\":\"https:\\\/\\\/motovila.si\\\/en\\\/air-alojz-kocjancic-residency-house\\\/\",\"url\":\"https:\\\/\\\/motovila.si\\\/en\\\/air-alojz-kocjancic-residency-house\\\/\",\"name\":\"Alojz Kocjan\u010di\u010d Residency House - Motovila\",\"isPartOf\":{\"@id\":\"https:\\\/\\\/motovila.si\\\/en\\\/#website\"},\"primaryImageOfPage\":{\"@id\":\"https:\\\/\\\/motovila.si\\\/en\\\/air-alojz-kocjancic-residency-house\\\/#primaryimage\"},\"image\":{\"@id\":\"https:\\\/\\\/motovila.si\\\/en\\\/air-alojz-kocjancic-residency-house\\\/#primaryimage\"},\"thumbnailUrl\":\"https:\\\/\\\/motovila.si\\\/wp-content\\\/uploads\\\/2021\\\/11\\\/HIsa-Alojza-Kocjancica-Kubed-01_Foto-Jaka-Ivancic.jpg\",\"datePublished\":\"2022-05-31T12:37:31+00:00\",\"dateModified\":\"2024-09-17T08:31:28+00:00\",\"breadcrumb\":{\"@id\":\"https:\\\/\\\/motovila.si\\\/en\\\/air-alojz-kocjancic-residency-house\\\/#breadcrumb\"},\"inLanguage\":\"en-US\",\"potentialAction\":[{\"@type\":\"ReadAction\",\"target\":[\"https:\\\/\\\/motovila.si\\\/en\\\/air-alojz-kocjancic-residency-house\\\/\"]}]},{\"@type\":\"ImageObject\",\"inLanguage\":\"en-US\",\"@id\":\"https:\\\/\\\/motovila.si\\\/en\\\/air-alojz-kocjancic-residency-house\\\/#primaryimage\",\"url\":\"https:\\\/\\\/motovila.si\\\/wp-content\\\/uploads\\\/2021\\\/11\\\/HIsa-Alojza-Kocjancica-Kubed-01_Foto-Jaka-Ivancic.jpg\",\"contentUrl\":\"https:\\\/\\\/motovila.si\\\/wp-content\\\/uploads\\\/2021\\\/11\\\/HIsa-Alojza-Kocjancica-Kubed-01_Foto-Jaka-Ivancic.jpg\",\"width\":1799,\"height\":1200},{\"@type\":\"BreadcrumbList\",\"@id\":\"https:\\\/\\\/motovila.si\\\/en\\\/air-alojz-kocjancic-residency-house\\\/#breadcrumb\",\"itemListElement\":[{\"@type\":\"ListItem\",\"position\":1,\"name\":\"Home\",\"item\":\"https:\\\/\\\/motovila.si\\\/en\\\/\"},{\"@type\":\"ListItem\",\"position\":2,\"name\":\"Alojz Kocjan\u010di\u010d Residency House\"}]},{\"@type\":\"WebSite\",\"@id\":\"https:\\\/\\\/motovila.si\\\/en\\\/#website\",\"url\":\"https:\\\/\\\/motovila.si\\\/en\\\/\",\"name\":\"Motovila\",\"description\":\"Creative Europe Desk Slovenia\",\"potentialAction\":[{\"@type\":\"SearchAction\",\"target\":{\"@type\":\"EntryPoint\",\"urlTemplate\":\"https:\\\/\\\/motovila.si\\\/en\\\/?s={search_term_string}\"},\"query-input\":{\"@type\":\"PropertyValueSpecification\",\"valueRequired\":true,\"valueName\":\"search_term_string\"}}],\"inLanguage\":\"en-US\"}]}<\/script>\n<!-- \/ Yoast SEO plugin. -->","yoast_head_json":{"title":"Alojz Kocjan\u010di\u010d Residency House - Motovila","robots":{"index":"index","follow":"follow","max-snippet":"max-snippet:-1","max-image-preview":"max-image-preview:large","max-video-preview":"max-video-preview:-1"},"canonical":"https:\/\/motovila.si\/en\/air-alojz-kocjancic-residency-house\/","og_locale":"en_US","og_type":"article","og_title":"Alojz Kocjan\u010di\u010d Residency House - Motovila","og_description":"Host: Residency program by Koper Public Institute for Youth, Culture and Tourism; the house is managed by the Local community Gra\u010di\u0161\u010de. Disciplines: different artistic fields Location:\u00a0Kubed The residency programme, which takes place in the house of Alojz Kocjan\u010di\u010d in Kubed (Municipality of Koper), is open to Slovenian artists. The selection of the artists-in-residence(s) is made ...","og_url":"https:\/\/motovila.si\/en\/air-alojz-kocjancic-residency-house\/","og_site_name":"Motovila","article_modified_time":"2024-09-17T08:31:28+00:00","og_image":[{"width":1799,"height":1200,"url":"https:\/\/motovila.si\/wp-content\/uploads\/2021\/11\/HIsa-Alojza-Kocjancica-Kubed-01_Foto-Jaka-Ivancic.jpg","type":"image\/jpeg"}],"twitter_card":"summary_large_image","twitter_misc":{"Est. reading time":"2 minutes"},"schema":{"@context":"https:\/\/schema.org","@graph":[{"@type":"WebPage","@id":"https:\/\/motovila.si\/en\/air-alojz-kocjancic-residency-house\/","url":"https:\/\/motovila.si\/en\/air-alojz-kocjancic-residency-house\/","name":"Alojz Kocjan\u010di\u010d Residency House - Motovila","isPartOf":{"@id":"https:\/\/motovila.si\/en\/#website"},"primaryImageOfPage":{"@id":"https:\/\/motovila.si\/en\/air-alojz-kocjancic-residency-house\/#primaryimage"},"image":{"@id":"https:\/\/motovila.si\/en\/air-alojz-kocjancic-residency-house\/#primaryimage"},"thumbnailUrl":"https:\/\/motovila.si\/wp-content\/uploads\/2021\/11\/HIsa-Alojza-Kocjancica-Kubed-01_Foto-Jaka-Ivancic.jpg","datePublished":"2022-05-31T12:37:31+00:00","dateModified":"2024-09-17T08:31:28+00:00","breadcrumb":{"@id":"https:\/\/motovila.si\/en\/air-alojz-kocjancic-residency-house\/#breadcrumb"},"inLanguage":"en-US","potentialAction":[{"@type":"ReadAction","target":["https:\/\/motovila.si\/en\/air-alojz-kocjancic-residency-house\/"]}]},{"@type":"ImageObject","inLanguage":"en-US","@id":"https:\/\/motovila.si\/en\/air-alojz-kocjancic-residency-house\/#primaryimage","url":"https:\/\/motovila.si\/wp-content\/uploads\/2021\/11\/HIsa-Alojza-Kocjancica-Kubed-01_Foto-Jaka-Ivancic.jpg","contentUrl":"https:\/\/motovila.si\/wp-content\/uploads\/2021\/11\/HIsa-Alojza-Kocjancica-Kubed-01_Foto-Jaka-Ivancic.jpg","width":1799,"height":1200},{"@type":"BreadcrumbList","@id":"https:\/\/motovila.si\/en\/air-alojz-kocjancic-residency-house\/#breadcrumb","itemListElement":[{"@type":"ListItem","position":1,"name":"Home","item":"https:\/\/motovila.si\/en\/"},{"@type":"ListItem","position":2,"name":"Alojz Kocjan\u010di\u010d Residency House"}]},{"@type":"WebSite","@id":"https:\/\/motovila.si\/en\/#website","url":"https:\/\/motovila.si\/en\/","name":"Motovila","description":"Creative Europe Desk Slovenia","potentialAction":[{"@type":"SearchAction","target":{"@type":"EntryPoint","urlTemplate":"https:\/\/motovila.si\/en\/?s={search_term_string}"},"query-input":{"@type":"PropertyValueSpecification","valueRequired":true,"valueName":"search_term_string"}}],"inLanguage":"en-US"}]}},"_links":{"self":[{"href":"https:\/\/motovila.si\/en\/wp-json\/wp\/v2\/pages\/15529","targetHints":{"allow":["GET"]}}],"collection":[{"href":"https:\/\/motovila.si\/en\/wp-json\/wp\/v2\/pages"}],"about":[{"href":"https:\/\/motovila.si\/en\/wp-json\/wp\/v2\/types\/page"}],"author":[{"embeddable":true,"href":"https:\/\/motovila.si\/en\/wp-json\/wp\/v2\/users\/2"}],"replies":[{"embeddable":true,"href":"https:\/\/motovila.si\/en\/wp-json\/wp\/v2\/comments?post=15529"}],"version-history":[{"count":5,"href":"https:\/\/motovila.si\/en\/wp-json\/wp\/v2\/pages\/15529\/revisions"}],"predecessor-version":[{"id":22038,"href":"https:\/\/motovila.si\/en\/wp-json\/wp\/v2\/pages\/15529\/revisions\/22038"}],"wp:featuredmedia":[{"embeddable":true,"href":"https:\/\/motovila.si\/en\/wp-json\/wp\/v2\/media\/13788"}],"wp:attachment":[{"href":"https:\/\/motovila.si\/en\/wp-json\/wp\/v2\/media?parent=15529"}],"curies":[{"name":"wp","href":"https:\/\/api.w.org\/{rel}","templated":true}]}}

Alojz Kocjančič Residency House

<p><strong>Host: </strong>Residency program by Koper Public Institute for Youth, Culture and Tourism; the house is managed by the Local community Gračišče.<br />
<strong>Disciplines: </strong>different artistic fields<br />
<strong>Location:</strong> Kubed</p>
<p>The residency programme, which takes place in the house of Alojz Kocjančič in Kubed (Municipality of Koper), is open to Slovenian artists. The selection of the artists-in-residence(s) is made on the basis of an annual call for applications. Each year the call is open to a different field of art, with the aim of ensuring equal opportunities for artists of all genres to work and participate. The residency offers living apartments with all the necessary equipment and a separate studio where artists can create. Artists are also provided with funds to cover the costs of materials. At the end of the year, a final event is held to present the artists in residence and their work.</p>
<p>Further information <a href="https://www.zmkt.si/odprt-je-razpis-za-oddajo-umetniske-rezidence-v-hisi-alojza-kocjancica-za-leto-2025/" target="_blank" rel="noopener">here</a> (in Slovene).<br />
[Photo by Jaka Ivančič: AiR Alojza Kocjančiča in Kubed.]</p>

<p>Host: Residency program by Koper Public Institute for Youth, Culture and Tourism; the house is managed by the Local community Gračišče. Disciplines: different artistic fields Location: Kubed The residency programme, which takes place in the house of Alojz Kocjančič in Kubed (Municipality of Koper), is open to Slovenian artists. The selection of the artists-in-residence(s) is made &#8230; </p>

<!-- This site is optimized with the Yoast SEO plugin v27.4 - https://yoast.com/product/yoast-seo-wordpress/ -->
<title>Alojz Kocjančič Residency House - Motovila</title>
<meta name="robots" content="index, follow, max-snippet:-1, max-image-preview:large, max-video-preview:-1" />
<link rel="canonical" href="https://motovila.si/en/air-alojz-kocjancic-residency-house/" />
<meta property="og:locale" content="en_US" />
<meta property="og:type" content="article" />
<meta property="og:title" content="Alojz Kocjančič Residency House - Motovila" />
<meta property="og:description" content="Host: Residency program by Koper Public Institute for Youth, Culture and Tourism; the house is managed by the Local community Gračišče. Disciplines: different artistic fields Location: Kubed The residency programme, which takes place in the house of Alojz Kocjančič in Kubed (Municipality of Koper), is open to Slovenian artists. The selection of the artists-in-residence(s) is made ..." />
<meta property="og:url" content="https://motovila.si/en/air-alojz-kocjancic-residency-house/" />
<meta property="og:site_name" content="Motovila" />
<meta property="article:modified_time" content="2024-09-17T08:31:28+00:00" />
<meta property="og:image" content="https://motovila.si/wp-content/uploads/2021/11/HIsa-Alojza-Kocjancica-Kubed-01_Foto-Jaka-Ivancic.jpg" />
	<meta property="og:image:width" content="1799" />
	<meta property="og:image:height" content="1200" />
	<meta property="og:image:type" content="image/jpeg" />
<meta name="twitter:card" content="summary_large_image" />
<meta name="twitter:label1" content="Est. reading time" />
	<meta name="twitter:data1" content="2 minutes" />
<script type="application/ld+json" class="yoast-schema-graph">{"@context":"https:\/\/schema.org","@graph":[{"@type":"WebPage","@id":"https:\/\/motovila.si\/en\/air-alojz-kocjancic-residency-house\/","url":"https:\/\/motovila.si\/en\/air-alojz-kocjancic-residency-house\/","name":"Alojz Kocjančič Residency House - Motovila","isPartOf":{"@id":"https:\/\/motovila.si\/en\/#website"},"primaryImageOfPage":{"@id":"https:\/\/motovila.si\/en\/air-alojz-kocjancic-residency-house\/#primaryimage"},"image":{"@id":"https:\/\/motovila.si\/en\/air-alojz-kocjancic-residency-house\/#primaryimage"},"thumbnailUrl":"https:\/\/motovila.si\/wp-content\/uploads\/2021\/11\/HIsa-Alojza-Kocjancica-Kubed-01_Foto-Jaka-Ivancic.jpg","datePublished":"2022-05-31T12:37:31+00:00","dateModified":"2024-09-17T08:31:28+00:00","breadcrumb":{"@id":"https:\/\/motovila.si\/en\/air-alojz-kocjancic-residency-house\/#breadcrumb"},"inLanguage":"en-US","potentialAction":[{"@type":"ReadAction","target":["https:\/\/motovila.si\/en\/air-alojz-kocjancic-residency-house\/"]}]},{"@type":"ImageObject","inLanguage":"en-US","@id":"https:\/\/motovila.si\/en\/air-alojz-kocjancic-residency-house\/#primaryimage","url":"https:\/\/motovila.si\/wp-content\/uploads\/2021\/11\/HIsa-Alojza-Kocjancica-Kubed-01_Foto-Jaka-Ivancic.jpg","contentUrl":"https:\/\/motovila.si\/wp-content\/uploads\/2021\/11\/HIsa-Alojza-Kocjancica-Kubed-01_Foto-Jaka-Ivancic.jpg","width":1799,"height":1200},{"@type":"BreadcrumbList","@id":"https:\/\/motovila.si\/en\/air-alojz-kocjancic-residency-house\/#breadcrumb","itemListElement":[{"@type":"ListItem","position":1,"name":"Home","item":"https:\/\/motovila.si\/en\/"},{"@type":"ListItem","position":2,"name":"Alojz Kocjančič Residency House"}]},{"@type":"WebSite","@id":"https:\/\/motovila.si\/en\/#website","url":"https:\/\/motovila.si\/en\/","name":"Motovila","description":"Creative Europe Desk Slovenia","potentialAction":[{"@type":"SearchAction","target":{"@type":"EntryPoint","urlTemplate":"https:\/\/motovila.si\/en\/?s={search_term_string}"},"query-input":{"@type":"PropertyValueSpecification","valueRequired":true,"valueName":"search_term_string"}}],"inLanguage":"en-US"}]}</script>
<!-- / Yoast SEO plugin. -->

Alojz Kocjančič Residency House - Motovila

Host: Residency program by Koper Public Institute for Youth, Culture and Tourism; the house is managed by the Local community Gračišče. Disciplines: different artistic fields Location: Kubed The residency programme, which takes place in the house of Alojz Kocjančič in Kubed (Municipality of Koper), is open to Slovenian artists. The selection of the artists-in-residence(s) is made ...
