{"id":15467,"date":"2022-05-27T14:55:35","date_gmt":"2022-05-27T12:55:35","guid":{"rendered":"https:\/\/motovila.si\/?page_id=15467"},"modified":"2024-04-10T16:19:14","modified_gmt":"2024-04-10T14:19:14","slug":"air-mglc-svicarija-international-centre-of-graphic-arts","status":"publish","type":"page","link":"https:\/\/motovila.si\/en\/air-mglc-svicarija-international-centre-of-graphic-arts\/","title":{"rendered":"MGLC \u0160vicarija"},"content":{"rendered":"<p><strong>Host: International Centre of Graphic Arts (MGLC)<\/strong><\/p>\n<p><strong>Disciplines:<\/strong> visual arts (focus graphic arts); intermedia arts; interdisciplinary artistic practices, art critique and journalism; art theory<br \/>\n<strong>Location:<\/strong> Ljubljana<br \/>\n<strong>For:<\/strong> Slovenian and international artists and art collectives, professionals in the field of contemporary art (critics, curators, publicists&#8230;).<br \/>\n<strong>Duration:<\/strong> 1-2 months; the duration of the residency depends on the type of residency.<\/p>\n<p><strong>Description:\u00a0<\/strong>The International Centre of Graphic Arts (MGLC) runs a residency programme at MGLC \u0160vicarija, a residency and creative centre, which is located on the edge of the Tivoli, Ro\u017enik and \u0160i\u0161enski hill Landscape Park and is the most central and nature-connected residency point in Ljubljana. The residency programme is aligned with the mission and activities of the MGLC, as well as with the participation in international projects and partnerships.<\/p>\n<p>Further information <a href=\"https:\/\/mglc.si\/en\/mglc-pro\/residencies\/\" target=\"_blank\" rel=\"noopener\">here<\/a>.<br \/>\n[Photo: MGLC \u0160vicarija, Jaka Babnik.]<\/p>\n","protected":false},"excerpt":{"rendered":"<p>Host: International Centre of Graphic Arts (MGLC) Disciplines: visual arts (focus graphic arts); intermedia arts; interdisciplinary artistic practices, art critique and journalism; art theory Location: Ljubljana For: Slovenian and international artists and art collectives, professionals in the field of contemporary art (critics, curators, publicists&#8230;). Duration: 1-2 months; the duration of the residency depends on the &#8230; <\/p>\n","protected":false},"author":2,"featured_media":13517,"parent":0,"menu_order":0,"comment_status":"closed","ping_status":"closed","template":"","meta":{"_acf_changed":false,"inline_featured_image":false,"footnotes":""},"class_list":["post-15467","page","type-page","status-publish","has-post-thumbnail","hentry"],"acf":[],"yoast_head":"<!-- This site is optimized with the Yoast SEO plugin v27.4 - https:\/\/yoast.com\/product\/yoast-seo-wordpress\/ -->\n<title>MGLC \u0160vicarija - Motovila<\/title>\n<meta name=\"robots\" content=\"index, follow, max-snippet:-1, max-image-preview:large, max-video-preview:-1\" \/>\n<link rel=\"canonical\" href=\"https:\/\/motovila.si\/en\/air-mglc-svicarija-international-centre-of-graphic-arts\/\" \/>\n<meta property=\"og:locale\" content=\"en_US\" \/>\n<meta property=\"og:type\" content=\"article\" \/>\n<meta property=\"og:title\" content=\"MGLC \u0160vicarija - Motovila\" \/>\n<meta property=\"og:description\" content=\"Host: International Centre of Graphic Arts (MGLC) Disciplines: visual arts (focus graphic arts); intermedia arts; interdisciplinary artistic practices, art critique and journalism; art theory Location: Ljubljana For: Slovenian and international artists and art collectives, professionals in the field of contemporary art (critics, curators, publicists&#8230;). Duration: 1-2 months; the duration of the residency depends on the ...\" \/>\n<meta property=\"og:url\" content=\"https:\/\/motovila.si\/en\/air-mglc-svicarija-international-centre-of-graphic-arts\/\" \/>\n<meta property=\"og:site_name\" content=\"Motovila\" \/>\n<meta property=\"article:modified_time\" content=\"2024-04-10T14:19:14+00:00\" \/>\n<meta property=\"og:image\" content=\"https:\/\/motovila.si\/wp-content\/uploads\/2021\/11\/Credits_MGLC-Svicarija_venue-of-the-conference_Photo-Jaka-Babnik_MGLC-Archive..jpg\" \/>\n\t<meta property=\"og:image:width\" content=\"1600\" \/>\n\t<meta property=\"og:image:height\" content=\"1068\" \/>\n\t<meta property=\"og:image:type\" content=\"image\/jpeg\" \/>\n<meta name=\"twitter:card\" content=\"summary_large_image\" \/>\n<meta name=\"twitter:label1\" content=\"Est. reading time\" \/>\n\t<meta name=\"twitter:data1\" content=\"1 minute\" \/>\n<script type=\"application\/ld+json\" class=\"yoast-schema-graph\">{\"@context\":\"https:\\\/\\\/schema.org\",\"@graph\":[{\"@type\":\"WebPage\",\"@id\":\"https:\\\/\\\/motovila.si\\\/en\\\/air-mglc-svicarija-international-centre-of-graphic-arts\\\/\",\"url\":\"https:\\\/\\\/motovila.si\\\/en\\\/air-mglc-svicarija-international-centre-of-graphic-arts\\\/\",\"name\":\"MGLC \u0160vicarija - Motovila\",\"isPartOf\":{\"@id\":\"https:\\\/\\\/motovila.si\\\/en\\\/#website\"},\"primaryImageOfPage\":{\"@id\":\"https:\\\/\\\/motovila.si\\\/en\\\/air-mglc-svicarija-international-centre-of-graphic-arts\\\/#primaryimage\"},\"image\":{\"@id\":\"https:\\\/\\\/motovila.si\\\/en\\\/air-mglc-svicarija-international-centre-of-graphic-arts\\\/#primaryimage\"},\"thumbnailUrl\":\"https:\\\/\\\/motovila.si\\\/wp-content\\\/uploads\\\/2021\\\/11\\\/Credits_MGLC-Svicarija_venue-of-the-conference_Photo-Jaka-Babnik_MGLC-Archive..jpg\",\"datePublished\":\"2022-05-27T12:55:35+00:00\",\"dateModified\":\"2024-04-10T14:19:14+00:00\",\"breadcrumb\":{\"@id\":\"https:\\\/\\\/motovila.si\\\/en\\\/air-mglc-svicarija-international-centre-of-graphic-arts\\\/#breadcrumb\"},\"inLanguage\":\"en-US\",\"potentialAction\":[{\"@type\":\"ReadAction\",\"target\":[\"https:\\\/\\\/motovila.si\\\/en\\\/air-mglc-svicarija-international-centre-of-graphic-arts\\\/\"]}]},{\"@type\":\"ImageObject\",\"inLanguage\":\"en-US\",\"@id\":\"https:\\\/\\\/motovila.si\\\/en\\\/air-mglc-svicarija-international-centre-of-graphic-arts\\\/#primaryimage\",\"url\":\"https:\\\/\\\/motovila.si\\\/wp-content\\\/uploads\\\/2021\\\/11\\\/Credits_MGLC-Svicarija_venue-of-the-conference_Photo-Jaka-Babnik_MGLC-Archive..jpg\",\"contentUrl\":\"https:\\\/\\\/motovila.si\\\/wp-content\\\/uploads\\\/2021\\\/11\\\/Credits_MGLC-Svicarija_venue-of-the-conference_Photo-Jaka-Babnik_MGLC-Archive..jpg\",\"width\":1600,\"height\":1068},{\"@type\":\"BreadcrumbList\",\"@id\":\"https:\\\/\\\/motovila.si\\\/en\\\/air-mglc-svicarija-international-centre-of-graphic-arts\\\/#breadcrumb\",\"itemListElement\":[{\"@type\":\"ListItem\",\"position\":1,\"name\":\"Home\",\"item\":\"https:\\\/\\\/motovila.si\\\/en\\\/\"},{\"@type\":\"ListItem\",\"position\":2,\"name\":\"MGLC \u0160vicarija\"}]},{\"@type\":\"WebSite\",\"@id\":\"https:\\\/\\\/motovila.si\\\/en\\\/#website\",\"url\":\"https:\\\/\\\/motovila.si\\\/en\\\/\",\"name\":\"Motovila\",\"description\":\"Creative Europe Desk Slovenia\",\"potentialAction\":[{\"@type\":\"SearchAction\",\"target\":{\"@type\":\"EntryPoint\",\"urlTemplate\":\"https:\\\/\\\/motovila.si\\\/en\\\/?s={search_term_string}\"},\"query-input\":{\"@type\":\"PropertyValueSpecification\",\"valueRequired\":true,\"valueName\":\"search_term_string\"}}],\"inLanguage\":\"en-US\"}]}<\/script>\n<!-- \/ Yoast SEO plugin. -->","yoast_head_json":{"title":"MGLC \u0160vicarija - Motovila","robots":{"index":"index","follow":"follow","max-snippet":"max-snippet:-1","max-image-preview":"max-image-preview:large","max-video-preview":"max-video-preview:-1"},"canonical":"https:\/\/motovila.si\/en\/air-mglc-svicarija-international-centre-of-graphic-arts\/","og_locale":"en_US","og_type":"article","og_title":"MGLC \u0160vicarija - Motovila","og_description":"Host: International Centre of Graphic Arts (MGLC) Disciplines: visual arts (focus graphic arts); intermedia arts; interdisciplinary artistic practices, art critique and journalism; art theory Location: Ljubljana For: Slovenian and international artists and art collectives, professionals in the field of contemporary art (critics, curators, publicists&#8230;). Duration: 1-2 months; the duration of the residency depends on the ...","og_url":"https:\/\/motovila.si\/en\/air-mglc-svicarija-international-centre-of-graphic-arts\/","og_site_name":"Motovila","article_modified_time":"2024-04-10T14:19:14+00:00","og_image":[{"width":1600,"height":1068,"url":"https:\/\/motovila.si\/wp-content\/uploads\/2021\/11\/Credits_MGLC-Svicarija_venue-of-the-conference_Photo-Jaka-Babnik_MGLC-Archive..jpg","type":"image\/jpeg"}],"twitter_card":"summary_large_image","twitter_misc":{"Est. reading time":"1 minute"},"schema":{"@context":"https:\/\/schema.org","@graph":[{"@type":"WebPage","@id":"https:\/\/motovila.si\/en\/air-mglc-svicarija-international-centre-of-graphic-arts\/","url":"https:\/\/motovila.si\/en\/air-mglc-svicarija-international-centre-of-graphic-arts\/","name":"MGLC \u0160vicarija - Motovila","isPartOf":{"@id":"https:\/\/motovila.si\/en\/#website"},"primaryImageOfPage":{"@id":"https:\/\/motovila.si\/en\/air-mglc-svicarija-international-centre-of-graphic-arts\/#primaryimage"},"image":{"@id":"https:\/\/motovila.si\/en\/air-mglc-svicarija-international-centre-of-graphic-arts\/#primaryimage"},"thumbnailUrl":"https:\/\/motovila.si\/wp-content\/uploads\/2021\/11\/Credits_MGLC-Svicarija_venue-of-the-conference_Photo-Jaka-Babnik_MGLC-Archive..jpg","datePublished":"2022-05-27T12:55:35+00:00","dateModified":"2024-04-10T14:19:14+00:00","breadcrumb":{"@id":"https:\/\/motovila.si\/en\/air-mglc-svicarija-international-centre-of-graphic-arts\/#breadcrumb"},"inLanguage":"en-US","potentialAction":[{"@type":"ReadAction","target":["https:\/\/motovila.si\/en\/air-mglc-svicarija-international-centre-of-graphic-arts\/"]}]},{"@type":"ImageObject","inLanguage":"en-US","@id":"https:\/\/motovila.si\/en\/air-mglc-svicarija-international-centre-of-graphic-arts\/#primaryimage","url":"https:\/\/motovila.si\/wp-content\/uploads\/2021\/11\/Credits_MGLC-Svicarija_venue-of-the-conference_Photo-Jaka-Babnik_MGLC-Archive..jpg","contentUrl":"https:\/\/motovila.si\/wp-content\/uploads\/2021\/11\/Credits_MGLC-Svicarija_venue-of-the-conference_Photo-Jaka-Babnik_MGLC-Archive..jpg","width":1600,"height":1068},{"@type":"BreadcrumbList","@id":"https:\/\/motovila.si\/en\/air-mglc-svicarija-international-centre-of-graphic-arts\/#breadcrumb","itemListElement":[{"@type":"ListItem","position":1,"name":"Home","item":"https:\/\/motovila.si\/en\/"},{"@type":"ListItem","position":2,"name":"MGLC \u0160vicarija"}]},{"@type":"WebSite","@id":"https:\/\/motovila.si\/en\/#website","url":"https:\/\/motovila.si\/en\/","name":"Motovila","description":"Creative Europe Desk Slovenia","potentialAction":[{"@type":"SearchAction","target":{"@type":"EntryPoint","urlTemplate":"https:\/\/motovila.si\/en\/?s={search_term_string}"},"query-input":{"@type":"PropertyValueSpecification","valueRequired":true,"valueName":"search_term_string"}}],"inLanguage":"en-US"}]}},"_links":{"self":[{"href":"https:\/\/motovila.si\/en\/wp-json\/wp\/v2\/pages\/15467","targetHints":{"allow":["GET"]}}],"collection":[{"href":"https:\/\/motovila.si\/en\/wp-json\/wp\/v2\/pages"}],"about":[{"href":"https:\/\/motovila.si\/en\/wp-json\/wp\/v2\/types\/page"}],"author":[{"embeddable":true,"href":"https:\/\/motovila.si\/en\/wp-json\/wp\/v2\/users\/2"}],"replies":[{"embeddable":true,"href":"https:\/\/motovila.si\/en\/wp-json\/wp\/v2\/comments?post=15467"}],"version-history":[{"count":5,"href":"https:\/\/motovila.si\/en\/wp-json\/wp\/v2\/pages\/15467\/revisions"}],"predecessor-version":[{"id":20723,"href":"https:\/\/motovila.si\/en\/wp-json\/wp\/v2\/pages\/15467\/revisions\/20723"}],"wp:featuredmedia":[{"embeddable":true,"href":"https:\/\/motovila.si\/en\/wp-json\/wp\/v2\/media\/13517"}],"wp:attachment":[{"href":"https:\/\/motovila.si\/en\/wp-json\/wp\/v2\/media?parent=15467"}],"curies":[{"name":"wp","href":"https:\/\/api.w.org\/{rel}","templated":true}]}}

MGLC Švicarija

<p><strong>Host: International Centre of Graphic Arts (MGLC)</strong></p>
<p><strong>Disciplines:</strong> visual arts (focus graphic arts); intermedia arts; interdisciplinary artistic practices, art critique and journalism; art theory<br />
<strong>Location:</strong> Ljubljana<br />
<strong>For:</strong> Slovenian and international artists and art collectives, professionals in the field of contemporary art (critics, curators, publicists&#8230;).<br />
<strong>Duration:</strong> 1-2 months; the duration of the residency depends on the type of residency.</p>
<p><strong>Description: </strong>The International Centre of Graphic Arts (MGLC) runs a residency programme at MGLC Švicarija, a residency and creative centre, which is located on the edge of the Tivoli, Rožnik and Šišenski hill Landscape Park and is the most central and nature-connected residency point in Ljubljana. The residency programme is aligned with the mission and activities of the MGLC, as well as with the participation in international projects and partnerships.</p>
<p>Further information <a href="https://mglc.si/en/mglc-pro/residencies/" target="_blank" rel="noopener">here</a>.<br />
[Photo: MGLC Švicarija, Jaka Babnik.]</p>

<!-- This site is optimized with the Yoast SEO plugin v27.4 - https://yoast.com/product/yoast-seo-wordpress/ -->
<title>MGLC Švicarija - Motovila</title>
<meta name="robots" content="index, follow, max-snippet:-1, max-image-preview:large, max-video-preview:-1" />
<link rel="canonical" href="https://motovila.si/en/air-mglc-svicarija-international-centre-of-graphic-arts/" />
<meta property="og:locale" content="en_US" />
<meta property="og:type" content="article" />
<meta property="og:title" content="MGLC Švicarija - Motovila" />
<meta property="og:description" content="Host: International Centre of Graphic Arts (MGLC) Disciplines: visual arts (focus graphic arts); intermedia arts; interdisciplinary artistic practices, art critique and journalism; art theory Location: Ljubljana For: Slovenian and international artists and art collectives, professionals in the field of contemporary art (critics, curators, publicists&#8230;). Duration: 1-2 months; the duration of the residency depends on the ..." />
<meta property="og:url" content="https://motovila.si/en/air-mglc-svicarija-international-centre-of-graphic-arts/" />
<meta property="og:site_name" content="Motovila" />
<meta property="article:modified_time" content="2024-04-10T14:19:14+00:00" />
<meta property="og:image" content="https://motovila.si/wp-content/uploads/2021/11/Credits_MGLC-Svicarija_venue-of-the-conference_Photo-Jaka-Babnik_MGLC-Archive..jpg" />
	<meta property="og:image:width" content="1600" />
	<meta property="og:image:height" content="1068" />
	<meta property="og:image:type" content="image/jpeg" />
<meta name="twitter:card" content="summary_large_image" />
<meta name="twitter:label1" content="Est. reading time" />
	<meta name="twitter:data1" content="1 minute" />
<script type="application/ld+json" class="yoast-schema-graph">{"@context":"https:\/\/schema.org","@graph":[{"@type":"WebPage","@id":"https:\/\/motovila.si\/en\/air-mglc-svicarija-international-centre-of-graphic-arts\/","url":"https:\/\/motovila.si\/en\/air-mglc-svicarija-international-centre-of-graphic-arts\/","name":"MGLC Švicarija - Motovila","isPartOf":{"@id":"https:\/\/motovila.si\/en\/#website"},"primaryImageOfPage":{"@id":"https:\/\/motovila.si\/en\/air-mglc-svicarija-international-centre-of-graphic-arts\/#primaryimage"},"image":{"@id":"https:\/\/motovila.si\/en\/air-mglc-svicarija-international-centre-of-graphic-arts\/#primaryimage"},"thumbnailUrl":"https:\/\/motovila.si\/wp-content\/uploads\/2021\/11\/Credits_MGLC-Svicarija_venue-of-the-conference_Photo-Jaka-Babnik_MGLC-Archive..jpg","datePublished":"2022-05-27T12:55:35+00:00","dateModified":"2024-04-10T14:19:14+00:00","breadcrumb":{"@id":"https:\/\/motovila.si\/en\/air-mglc-svicarija-international-centre-of-graphic-arts\/#breadcrumb"},"inLanguage":"en-US","potentialAction":[{"@type":"ReadAction","target":["https:\/\/motovila.si\/en\/air-mglc-svicarija-international-centre-of-graphic-arts\/"]}]},{"@type":"ImageObject","inLanguage":"en-US","@id":"https:\/\/motovila.si\/en\/air-mglc-svicarija-international-centre-of-graphic-arts\/#primaryimage","url":"https:\/\/motovila.si\/wp-content\/uploads\/2021\/11\/Credits_MGLC-Svicarija_venue-of-the-conference_Photo-Jaka-Babnik_MGLC-Archive..jpg","contentUrl":"https:\/\/motovila.si\/wp-content\/uploads\/2021\/11\/Credits_MGLC-Svicarija_venue-of-the-conference_Photo-Jaka-Babnik_MGLC-Archive..jpg","width":1600,"height":1068},{"@type":"BreadcrumbList","@id":"https:\/\/motovila.si\/en\/air-mglc-svicarija-international-centre-of-graphic-arts\/#breadcrumb","itemListElement":[{"@type":"ListItem","position":1,"name":"Home","item":"https:\/\/motovila.si\/en\/"},{"@type":"ListItem","position":2,"name":"MGLC Švicarija"}]},{"@type":"WebSite","@id":"https:\/\/motovila.si\/en\/#website","url":"https:\/\/motovila.si\/en\/","name":"Motovila","description":"Creative Europe Desk Slovenia","potentialAction":[{"@type":"SearchAction","target":{"@type":"EntryPoint","urlTemplate":"https:\/\/motovila.si\/en\/?s={search_term_string}"},"query-input":{"@type":"PropertyValueSpecification","valueRequired":true,"valueName":"search_term_string"}}],"inLanguage":"en-US"}]}</script>
<!-- / Yoast SEO plugin. -->

MGLC Švicarija - Motovila
